{"id":14683,"date":"2025-07-18T15:33:45","date_gmt":"2025-07-18T15:33:45","guid":{"rendered":"https:\/\/capaldoelettrodomestici.it\/?post_type=product&#038;p=14683"},"modified":"2025-12-10T14:48:13","modified_gmt":"2025-12-10T14:48:13","slug":"frigorifero-indesit-doppia-porta-it70832s-colore-inox-ventilato","status":"publish","type":"product","link":"https:\/\/capaldoelettrodomestici.it\/index.php\/prodotto\/frigorifero-indesit-doppia-porta-it70832s-colore-inox-ventilato\/","title":{"rendered":"Frigorifero INDESIT doppia porta IT70832S colore inox, ventilato"},"content":{"rendered":"<p>modello: IT70832S<\/p>\n<p>ean: 869991673810<\/p>\n<p>Capacit\u00e0 netta totale: 437 Lt. Cerniera porta: Destra. Classe climatica: T, Emissione acustica: 38 dB. Capacit\u00e0 netta frigorifero: 322 L, Luce interna, Numero di ripiani frigorifero: 4, Numero di cassetti per verdura: 1. Capacit\u00e0 netta congelatore: 115 L, Capacit\u00e0 di congelamento: 5,5 kg\/24h. Classe efficienza energetica: E, Consumo energetico annuo: 254 kWh. Colore del prodotto: Acciaio inox<\/p>\n","protected":false},"excerpt":{"rendered":"<p>Frigorifero a libera installazione, capacit\u00e0 netta totale 437 lt, classe energetica E, colore acciaio inox, sbrinamento manuale ventilato.<\/p>\n<p>&nbsp;<\/p>\n","protected":false},"featured_media":14691,"comment_status":"open","ping_status":"closed","template":"","meta":[],"product_brand":[],"product_cat":[136,135,124],"product_tag":[],"class_list":{"0":"post-14683","1":"product","2":"type-product","3":"status-publish","4":"has-post-thumbnail","6":"product_cat-doppia-porta","7":"product_cat-frigoriferi","8":"product_cat-grandi-elettrodomestici","9":"product_shipping_class-grandi-elettrodomestici","11":"first","12":"outofstock","13":"sale","14":"shipping-taxable","15":"purchasable","16":"product-type-simple"},"_links":{"self":[{"href":"https:\/\/capaldoelettrodomestici.it\/index.php\/wp-json\/wp\/v2\/product\/14683","targetHints":{"allow":["GET"]}}],"collection":[{"href":"https:\/\/capaldoelettrodomestici.it\/index.php\/wp-json\/wp\/v2\/product"}],"about":[{"href":"https:\/\/capaldoelettrodomestici.it\/index.php\/wp-json\/wp\/v2\/types\/product"}],"replies":[{"embeddable":true,"href":"https:\/\/capaldoelettrodomestici.it\/index.php\/wp-json\/wp\/v2\/comments?post=14683"}],"version-history":[{"count":6,"href":"https:\/\/capaldoelettrodomestici.it\/index.php\/wp-json\/wp\/v2\/product\/14683\/revisions"}],"predecessor-version":[{"id":14693,"href":"https:\/\/capaldoelettrodomestici.it\/index.php\/wp-json\/wp\/v2\/product\/14683\/revisions\/14693"}],"wp:featuredmedia":[{"embeddable":true,"href":"https:\/\/capaldoelettrodomestici.it\/index.php\/wp-json\/wp\/v2\/media\/14691"}],"wp:attachment":[{"href":"https:\/\/capaldoelettrodomestici.it\/index.php\/wp-json\/wp\/v2\/media?parent=14683"}],"wp:term":[{"taxonomy":"product_brand","embeddable":true,"href":"https:\/\/capaldoelettrodomestici.it\/index.php\/wp-json\/wp\/v2\/product_brand?post=14683"},{"taxonomy":"product_cat","embeddable":true,"href":"https:\/\/capaldoelettrodomestici.it\/index.php\/wp-json\/wp\/v2\/product_cat?post=14683"},{"taxonomy":"product_tag","embeddable":true,"href":"https:\/\/capaldoelettrodomestici.it\/index.php\/wp-json\/wp\/v2\/product_tag?post=14683"}],"curies":[{"name":"wp","href":"https:\/\/api.w.org\/{rel}","templated":true}]}}