{"id":13874,"date":"2025-03-28T08:53:11","date_gmt":"2025-03-28T08:53:11","guid":{"rendered":"https:\/\/capaldoelettrodomestici.it\/?post_type=product&#038;p=13874"},"modified":"2025-10-28T17:48:10","modified_gmt":"2025-10-28T17:48:10","slug":"piano-cottura-a-gas-techlife-tfbipcg60l-59-cm-inox","status":"publish","type":"product","link":"https:\/\/capaldoelettrodomestici.it\/index.php\/prodotto\/piano-cottura-a-gas-techlife-tfbipcg60l-59-cm-inox\/","title":{"rendered":"TECHLIFE Piano Cottura a Gas TFBIPCG60L \u2013 59 cm, Inox"},"content":{"rendered":"<h3 class=\"\" data-start=\"83\" data-end=\"147\"><strong data-start=\"87\" data-end=\"145\">TECHLIFE TFBIPCG60L \u2013 Piano Cottura a Gas, 59 cm, Inox<\/strong><\/h3>\n<h3 class=\"\" data-start=\"149\" data-end=\"171\"><strong data-start=\"153\" data-end=\"169\">Dati tecnici<\/strong><\/h3>\n<ul data-start=\"172\" data-end=\"619\">\n<li class=\"\" data-start=\"172\" data-end=\"208\">\n<p class=\"\" data-start=\"174\" data-end=\"208\"><strong data-start=\"174\" data-end=\"185\">Modello<\/strong>: TECHLIFE TFBIPCG60L<\/p>\n<\/li>\n<li class=\"\" data-start=\"209\" data-end=\"247\">\n<p class=\"\" data-start=\"211\" data-end=\"247\"><strong data-start=\"211\" data-end=\"224\">Tipologia<\/strong>: Piano cottura a gas<\/p>\n<\/li>\n<li class=\"\" data-start=\"248\" data-end=\"275\">\n<p class=\"\" data-start=\"250\" data-end=\"275\"><strong data-start=\"250\" data-end=\"270\">Numero di fuochi<\/strong>: 4<\/p>\n<\/li>\n<li class=\"\" data-start=\"276\" data-end=\"307\">\n<p class=\"\" data-start=\"278\" data-end=\"307\"><strong data-start=\"278\" data-end=\"291\">Materiale<\/strong>: Acciaio inox<\/p>\n<\/li>\n<li class=\"\" data-start=\"308\" data-end=\"328\">\n<p class=\"\" data-start=\"310\" data-end=\"328\"><strong data-start=\"310\" data-end=\"320\">Colore<\/strong>: Inox<\/p>\n<\/li>\n<li class=\"\" data-start=\"329\" data-end=\"389\">\n<p class=\"\" data-start=\"331\" data-end=\"389\"><strong data-start=\"331\" data-end=\"357\">Accensione elettronica<\/strong>: S\u00ec, integrata nelle manopole<\/p>\n<\/li>\n<li class=\"\" data-start=\"390\" data-end=\"459\">\n<p class=\"\" data-start=\"392\" data-end=\"459\"><strong data-start=\"392\" data-end=\"409\">Sicurezza gas<\/strong>: Sistema di spegnimento automatico della fiamma<\/p>\n<\/li>\n<li class=\"\" data-start=\"460\" data-end=\"517\">\n<p class=\"\" data-start=\"462\" data-end=\"517\"><strong data-start=\"462\" data-end=\"479\">Alimentazione<\/strong>: Gas (compatibile con metano e GPL)<\/p>\n<\/li>\n<li class=\"\" data-start=\"547\" data-end=\"571\">\n<p class=\"\" data-start=\"549\" data-end=\"571\"><strong data-start=\"549\" data-end=\"562\">Larghezza<\/strong>: 59 cm<\/p>\n<\/li>\n<li class=\"\" data-start=\"572\" data-end=\"597\">\n<p class=\"\" data-start=\"574\" data-end=\"597\"><strong data-start=\"574\" data-end=\"588\">Profondit\u00e0<\/strong>: 51 cm<\/p>\n<\/li>\n<li class=\"\" data-start=\"598\" data-end=\"619\">\n<p class=\"\" data-start=\"600\" data-end=\"619\"><strong data-start=\"600\" data-end=\"611\">Altezza<\/strong>: 4 cm<\/p>\n<\/li>\n<\/ul>\n<h3 class=\"\" data-start=\"621\" data-end=\"657\"><strong data-start=\"625\" data-end=\"655\">Funzioni e caratteristiche<\/strong><\/h3>\n<ul data-start=\"658\" data-end=\"1116\">\n<li class=\"\" data-start=\"658\" data-end=\"720\">\n<p class=\"\" data-start=\"660\" data-end=\"720\"><strong data-start=\"660\" data-end=\"672\">4 fuochi<\/strong>: Differenti potenze per una cottura versatile<\/p>\n<\/li>\n<li class=\"\" data-start=\"721\" data-end=\"797\">\n<p class=\"\" data-start=\"723\" data-end=\"797\"><strong data-start=\"723\" data-end=\"749\">Accensione elettronica<\/strong>: Attivazione rapida e sicura tramite manopole<\/p>\n<\/li>\n<li class=\"\" data-start=\"798\" data-end=\"897\">\n<p class=\"\" data-start=\"800\" data-end=\"897\"><strong data-start=\"800\" data-end=\"828\">Sistema di sicurezza gas<\/strong>: Blocco automatico in caso di spegnimento accidentale della fiamma<\/p>\n<\/li>\n<li class=\"\" data-start=\"898\" data-end=\"963\">\n<p class=\"\" data-start=\"900\" data-end=\"963\"><strong data-start=\"900\" data-end=\"920\">Griglie in ghisa<\/strong>: Elevata stabilit\u00e0 per pentole e padelle<\/p>\n<\/li>\n<li class=\"\" data-start=\"964\" data-end=\"1033\">\n<p class=\"\" data-start=\"966\" data-end=\"1033\"><strong data-start=\"966\" data-end=\"996\">Superficie in acciaio inox<\/strong>: Design moderno e facile da pulire<\/p>\n<\/li>\n<li class=\"\" data-start=\"1034\" data-end=\"1116\">\n<p class=\"\" data-start=\"1036\" data-end=\"1116\"><strong data-start=\"1036\" data-end=\"1068\">Compatibile con GPL e metano<\/strong>: Possibilit\u00e0 di conversione con kit opzionale<\/p>\n<\/li>\n<\/ul>\n<h3 class=\"\" data-start=\"1118\" data-end=\"1145\"><strong data-start=\"1122\" data-end=\"1143\">Dimensioni e peso<\/strong><\/h3>\n<ul data-start=\"1146\" data-end=\"1239\">\n<li class=\"\" data-start=\"1146\" data-end=\"1171\">\n<p class=\"\" data-start=\"1148\" data-end=\"1171\"><strong data-start=\"1148\" data-end=\"1162\">Profondit\u00e0<\/strong>: 51 cm<\/p>\n<\/li>\n<li class=\"\" data-start=\"1172\" data-end=\"1196\">\n<p class=\"\" data-start=\"1174\" data-end=\"1196\"><strong data-start=\"1174\" data-end=\"1187\">Larghezza<\/strong>: 59 cm<\/p>\n<\/li>\n<li class=\"\" data-start=\"1197\" data-end=\"1218\">\n<p class=\"\" data-start=\"1199\" data-end=\"1218\"><strong data-start=\"1199\" data-end=\"1210\">Altezza<\/strong>: 4 cm<\/p>\n<\/li>\n<li class=\"\" data-start=\"1219\" data-end=\"1239\">\n<p class=\"\" data-start=\"1221\" data-end=\"1239\"><strong data-start=\"1221\" data-end=\"1229\">Peso<\/strong>: 8.5 kg<\/p>\n<\/li>\n<\/ul>\n","protected":false},"excerpt":{"rendered":"<h3 class=\"\" data-start=\"1241\" data-end=\"1262\"><strong data-start=\"1245\" data-end=\"1260\">Descrizione<\/strong><\/h3>\n<p class=\"\" data-start=\"1263\" data-end=\"1653\">Il <strong data-start=\"1266\" data-end=\"1289\">TECHLIFE TFBIPCG60L<\/strong> \u00e8 un piano cottura a gas da 59 cm dal design elegante in acciaio inox. Dotato di 4 fuochi, accensione elettronica e sistema di sicurezza gas, offre massima affidabilit\u00e0 in cucina. Le griglie in ghisa garantiscono stabilit\u00e0 e durata, mentre la superficie inox \u00e8 facile da pulire. Compatibile con gas metano e GPL, \u00e8 la soluzione perfetta per ogni tipo di cucina.<\/p>\n","protected":false},"featured_media":13870,"comment_status":"open","ping_status":"closed","template":"","meta":[],"product_brand":[],"product_cat":[142,140,141],"product_tag":[321,1170,340,1273,1027,761,638,319,795,256],"class_list":{"0":"post-13874","1":"product","2":"type-product","3":"status-publish","4":"has-post-thumbnail","6":"product_cat-cm-60","7":"product_cat-elettrodomestici-da-incasso","8":"product_cat-piani-cottura","9":"product_tag-4-fuochi","10":"product_tag-accensione-elettronica","11":"product_tag-cucina-moderna","12":"product_tag-gas-naturale","13":"product_tag-gpl","14":"product_tag-griglie-in-ghisa","15":"product_tag-inox","16":"product_tag-piano-cottura-a-gas","17":"product_tag-sicurezza-gas","18":"product_tag-techlife","19":"product_shipping_class-piani-cottura","21":"first","22":"instock","23":"sale","24":"shipping-taxable","25":"purchasable","26":"product-type-simple"},"_links":{"self":[{"href":"https:\/\/capaldoelettrodomestici.it\/index.php\/wp-json\/wp\/v2\/product\/13874","targetHints":{"allow":["GET"]}}],"collection":[{"href":"https:\/\/capaldoelettrodomestici.it\/index.php\/wp-json\/wp\/v2\/product"}],"about":[{"href":"https:\/\/capaldoelettrodomestici.it\/index.php\/wp-json\/wp\/v2\/types\/product"}],"replies":[{"embeddable":true,"href":"https:\/\/capaldoelettrodomestici.it\/index.php\/wp-json\/wp\/v2\/comments?post=13874"}],"version-history":[{"count":3,"href":"https:\/\/capaldoelettrodomestici.it\/index.php\/wp-json\/wp\/v2\/product\/13874\/revisions"}],"predecessor-version":[{"id":14508,"href":"https:\/\/capaldoelettrodomestici.it\/index.php\/wp-json\/wp\/v2\/product\/13874\/revisions\/14508"}],"wp:featuredmedia":[{"embeddable":true,"href":"https:\/\/capaldoelettrodomestici.it\/index.php\/wp-json\/wp\/v2\/media\/13870"}],"wp:attachment":[{"href":"https:\/\/capaldoelettrodomestici.it\/index.php\/wp-json\/wp\/v2\/media?parent=13874"}],"wp:term":[{"taxonomy":"product_brand","embeddable":true,"href":"https:\/\/capaldoelettrodomestici.it\/index.php\/wp-json\/wp\/v2\/product_brand?post=13874"},{"taxonomy":"product_cat","embeddable":true,"href":"https:\/\/capaldoelettrodomestici.it\/index.php\/wp-json\/wp\/v2\/product_cat?post=13874"},{"taxonomy":"product_tag","embeddable":true,"href":"https:\/\/capaldoelettrodomestici.it\/index.php\/wp-json\/wp\/v2\/product_tag?post=13874"}],"curies":[{"name":"wp","href":"https:\/\/api.w.org\/{rel}","templated":true}]}}