{"id":13854,"date":"2025-03-27T10:40:25","date_gmt":"2025-03-27T10:40:25","guid":{"rendered":"https:\/\/capaldoelettrodomestici.it\/?post_type=product&#038;p=13854"},"modified":"2025-10-28T17:51:43","modified_gmt":"2025-10-28T17:51:43","slug":"piano-cottura-a-gas-bosch-egs6404sx-60-cm-4-fornelli-serie-300-slim-side-control-inox","status":"publish","type":"product","link":"https:\/\/capaldoelettrodomestici.it\/index.php\/prodotto\/piano-cottura-a-gas-bosch-egs6404sx-60-cm-4-fornelli-serie-300-slim-side-control-inox\/","title":{"rendered":"ELECTROLUX Piano Cottura a Gas EGS6404SX \u2013 60 cm, 4 Fornelli, Serie 300 Slim, Side Control, Inox"},"content":{"rendered":"<h3 class=\"\" data-start=\"105\" data-end=\"179\"><strong data-start=\"109\" data-end=\"179\">EGS6404SX \u2013 Piano Cottura a Gas Serie 300 Slim Side Control, 60 cm<\/strong><\/h3>\n<h3 class=\"\" data-start=\"181\" data-end=\"203\"><strong data-start=\"185\" data-end=\"201\">Dati tecnici<\/strong><\/h3>\n<ul data-start=\"204\" data-end=\"681\">\n<li class=\"\" data-start=\"204\" data-end=\"230\">\n<p class=\"\" data-start=\"206\" data-end=\"230\"><strong data-start=\"206\" data-end=\"217\">Modello<\/strong>: EGS6404SX<\/p>\n<\/li>\n<li class=\"\" data-start=\"231\" data-end=\"269\">\n<p class=\"\" data-start=\"233\" data-end=\"269\"><strong data-start=\"233\" data-end=\"246\">Tipologia<\/strong>: Piano cottura a gas<\/p>\n<\/li>\n<li class=\"\" data-start=\"270\" data-end=\"297\">\n<p class=\"\" data-start=\"272\" data-end=\"297\"><strong data-start=\"272\" data-end=\"292\">Numero di fuochi<\/strong>: 4<\/p>\n<\/li>\n<li class=\"\" data-start=\"298\" data-end=\"321\">\n<p class=\"\" data-start=\"300\" data-end=\"321\"><strong data-start=\"300\" data-end=\"313\">Materiale<\/strong>: Inox<\/p>\n<\/li>\n<li class=\"\" data-start=\"322\" data-end=\"350\">\n<p class=\"\" data-start=\"324\" data-end=\"350\"><strong data-start=\"324\" data-end=\"334\">Colore<\/strong>: Acciaio inox<\/p>\n<\/li>\n<li class=\"\" data-start=\"351\" data-end=\"422\">\n<p class=\"\" data-start=\"353\" data-end=\"422\"><strong data-start=\"353\" data-end=\"379\">Accensione elettronica<\/strong>: S\u00ec, accensione integrata nella manopola<\/p>\n<\/li>\n<li class=\"\" data-start=\"423\" data-end=\"524\">\n<p class=\"\" data-start=\"425\" data-end=\"524\"><strong data-start=\"425\" data-end=\"442\">Sicurezza gas<\/strong>: Spegnimento automatico del gas in caso di spegnimento accidentale della fiamma<\/p>\n<\/li>\n<li class=\"\" data-start=\"525\" data-end=\"549\">\n<p class=\"\" data-start=\"527\" data-end=\"549\"><strong data-start=\"527\" data-end=\"540\">Larghezza<\/strong>: 60 cm<\/p>\n<\/li>\n<li class=\"\" data-start=\"550\" data-end=\"575\">\n<p class=\"\" data-start=\"552\" data-end=\"575\"><strong data-start=\"552\" data-end=\"566\">Profondit\u00e0<\/strong>: 51 cm<\/p>\n<\/li>\n<li class=\"\" data-start=\"576\" data-end=\"646\">\n<p class=\"\" data-start=\"578\" data-end=\"646\"><strong data-start=\"578\" data-end=\"595\">Alimentazione<\/strong>: Gas (GPL o metano, in base alla configurazione)<\/p>\n<\/li>\n<li class=\"\" data-start=\"647\" data-end=\"681\">\n<p class=\"\" data-start=\"649\" data-end=\"681\"><strong data-start=\"649\" data-end=\"656\">EAN<\/strong>: 7332543692996<\/p>\n<\/li>\n<\/ul>\n<h3 class=\"\" data-start=\"683\" data-end=\"719\"><strong data-start=\"687\" data-end=\"717\">Funzioni e caratteristiche<\/strong><\/h3>\n<ul data-start=\"720\" data-end=\"1372\">\n<li class=\"\" data-start=\"720\" data-end=\"810\">\n<p class=\"\" data-start=\"722\" data-end=\"810\"><strong data-start=\"722\" data-end=\"734\">4 fuochi<\/strong>: Ampio spazio con 4 zone di cottura, adatto a famiglie e cotture multiple<\/p>\n<\/li>\n<li class=\"\" data-start=\"811\" data-end=\"911\">\n<p class=\"\" data-start=\"813\" data-end=\"911\"><strong data-start=\"813\" data-end=\"829\">Side Control<\/strong>: Manopole laterali per un accesso comodo e sicuro alla regolazione della fiamma<\/p>\n<\/li>\n<li class=\"\" data-start=\"912\" data-end=\"1000\">\n<p class=\"\" data-start=\"914\" data-end=\"1000\"><strong data-start=\"914\" data-end=\"950\">Accensione elettronica integrata<\/strong>: Accensione rapida e sicura tramite la manopola<\/p>\n<\/li>\n<li class=\"\" data-start=\"1001\" data-end=\"1094\">\n<p class=\"\" data-start=\"1003\" data-end=\"1094\"><strong data-start=\"1003\" data-end=\"1020\">Sicurezza gas<\/strong>: Spegnimento automatico in caso di spegnimento accidentale della fiamma<\/p>\n<\/li>\n<li class=\"\" data-start=\"1095\" data-end=\"1194\">\n<p class=\"\" data-start=\"1097\" data-end=\"1194\"><strong data-start=\"1097\" data-end=\"1117\">Griglie smaltate<\/strong>: Materiale resistente e perfetto per una distribuzione uniforme del calore<\/p>\n<\/li>\n<li class=\"\" data-start=\"1195\" data-end=\"1299\">\n<p class=\"\" data-start=\"1197\" data-end=\"1299\"><strong data-start=\"1197\" data-end=\"1226\">Design compatto e moderno<\/strong>: Ideale per cucine di dimensioni ridotte, con un\u2019estetica accattivante<\/p>\n<\/li>\n<li class=\"\" data-start=\"1300\" data-end=\"1372\">\n<p class=\"\" data-start=\"1302\" data-end=\"1372\"><strong data-start=\"1302\" data-end=\"1320\">Facile pulizia<\/strong>: Superficie liscia che semplifica la manutenzione<\/p>\n<\/li>\n<\/ul>\n<h3 class=\"\" data-start=\"1374\" data-end=\"1401\"><strong data-start=\"1378\" data-end=\"1399\">Dimensioni e peso<\/strong><\/h3>\n<ul data-start=\"1402\" data-end=\"1497\">\n<li class=\"\" data-start=\"1402\" data-end=\"1427\">\n<p class=\"\" data-start=\"1404\" data-end=\"1427\"><strong data-start=\"1404\" data-end=\"1418\">Profondit\u00e0<\/strong>: 51 cm<\/p>\n<\/li>\n<li class=\"\" data-start=\"1428\" data-end=\"1452\">\n<p class=\"\" data-start=\"1430\" data-end=\"1452\"><strong data-start=\"1430\" data-end=\"1443\">Larghezza<\/strong>: 60 cm<\/p>\n<\/li>\n<li class=\"\" data-start=\"1453\" data-end=\"1476\">\n<p class=\"\" data-start=\"1455\" data-end=\"1476\"><strong data-start=\"1455\" data-end=\"1466\">Altezza<\/strong>: 4.5 cm<\/p>\n<\/li>\n<li class=\"\" data-start=\"1477\" data-end=\"1497\">\n<p class=\"\" data-start=\"1479\" data-end=\"1497\"><strong data-start=\"1479\" data-end=\"1487\">Peso<\/strong>: 9.6 kg<\/p>\n<\/li>\n<\/ul>\n","protected":false},"excerpt":{"rendered":"<h3 class=\"\" data-start=\"1499\" data-end=\"1520\"><strong data-start=\"1503\" data-end=\"1518\">Descrizione<\/strong><\/h3>\n<p class=\"\" data-start=\"1521\" data-end=\"2004\">Il <strong data-start=\"1524\" data-end=\"1567\">Piano Cottura a Gas EGS6404SX Serie 300<\/strong> \u00e8 progettato per offrire un&#8217;eccellente esperienza di cottura in uno spazio compatto. Con 4 fuochi, accensione elettronica e la praticit\u00e0 del sistema <strong data-start=\"1717\" data-end=\"1733\">Side Control<\/strong>, offre un controllo sicuro ed efficiente delle fiamme. Le griglie sono smaltate e la superficie in acciaio inox garantiscono durata e facilit\u00e0 di pulizia. Questo piano cottura \u00e8 perfetto per cucine moderne e per chi cerca un prodotto di alta qualit\u00e0 in un formato compatto.<\/p>\n","protected":false},"featured_media":13855,"comment_status":"open","ping_status":"closed","template":"","meta":[],"product_brand":[],"product_cat":[142,140,141],"product_tag":[321,1269,1170,238,625,761,638,319,795,1270],"class_list":{"0":"post-13854","1":"product","2":"type-product","3":"status-publish","4":"has-post-thumbnail","6":"product_cat-cm-60","7":"product_cat-elettrodomestici-da-incasso","8":"product_cat-piani-cottura","9":"product_tag-4-fuochi","10":"product_tag-60-cm","11":"product_tag-accensione-elettronica","12":"product_tag-cucina","13":"product_tag-design-compatto","14":"product_tag-griglie-in-ghisa","15":"product_tag-inox","16":"product_tag-piano-cottura-a-gas","17":"product_tag-sicurezza-gas","18":"product_tag-side-control","19":"product_shipping_class-piani-cottura","21":"first","22":"instock","23":"sale","24":"shipping-taxable","25":"purchasable","26":"product-type-simple"},"_links":{"self":[{"href":"https:\/\/capaldoelettrodomestici.it\/index.php\/wp-json\/wp\/v2\/product\/13854","targetHints":{"allow":["GET"]}}],"collection":[{"href":"https:\/\/capaldoelettrodomestici.it\/index.php\/wp-json\/wp\/v2\/product"}],"about":[{"href":"https:\/\/capaldoelettrodomestici.it\/index.php\/wp-json\/wp\/v2\/types\/product"}],"replies":[{"embeddable":true,"href":"https:\/\/capaldoelettrodomestici.it\/index.php\/wp-json\/wp\/v2\/comments?post=13854"}],"version-history":[{"count":5,"href":"https:\/\/capaldoelettrodomestici.it\/index.php\/wp-json\/wp\/v2\/product\/13854\/revisions"}],"predecessor-version":[{"id":14768,"href":"https:\/\/capaldoelettrodomestici.it\/index.php\/wp-json\/wp\/v2\/product\/13854\/revisions\/14768"}],"wp:featuredmedia":[{"embeddable":true,"href":"https:\/\/capaldoelettrodomestici.it\/index.php\/wp-json\/wp\/v2\/media\/13855"}],"wp:attachment":[{"href":"https:\/\/capaldoelettrodomestici.it\/index.php\/wp-json\/wp\/v2\/media?parent=13854"}],"wp:term":[{"taxonomy":"product_brand","embeddable":true,"href":"https:\/\/capaldoelettrodomestici.it\/index.php\/wp-json\/wp\/v2\/product_brand?post=13854"},{"taxonomy":"product_cat","embeddable":true,"href":"https:\/\/capaldoelettrodomestici.it\/index.php\/wp-json\/wp\/v2\/product_cat?post=13854"},{"taxonomy":"product_tag","embeddable":true,"href":"https:\/\/capaldoelettrodomestici.it\/index.php\/wp-json\/wp\/v2\/product_tag?post=13854"}],"curies":[{"name":"wp","href":"https:\/\/api.w.org\/{rel}","templated":true}]}}