{"id":13346,"date":"2025-03-15T11:01:08","date_gmt":"2025-03-15T11:01:08","guid":{"rendered":"https:\/\/capaldoelettrodomestici.it\/?post_type=product&#038;p=13346"},"modified":"2025-10-29T16:30:58","modified_gmt":"2025-10-29T16:30:58","slug":"electrolux-ew6fbg19g-lavatrice-caricamento-frontale-9-kg-1351-giri-min-bianco-classe-di-efficienza-energetica-a","status":"publish","type":"product","link":"https:\/\/capaldoelettrodomestici.it\/index.php\/prodotto\/electrolux-ew6fbg19g-lavatrice-caricamento-frontale-9-kg-1351-giri-min-bianco-classe-di-efficienza-energetica-a\/","title":{"rendered":"Lavatrice ELECTROLUX EW6FBG19G \u2013 9 kg, 1400 Giri\/min, Classe A"},"content":{"rendered":"<p data-start=\"108\" data-end=\"146\">Modello: EW6FBG19G<\/p>\n<p>Codice EAN: 7333394064390<\/p>\n<p>Carica: frontale a libera installazione<\/p>\n<p>Capacit\u00e0 di carico: 9 kg<\/p>\n<p>Classe di efficienza energetica: A<\/p>\n<p>Velocit\u00e0 di centrifuga massima: 1400 giri\/minuto<\/p>\n<p>Consumo energetico per 100 cicli: 49 kWh<\/p>\n<p>Display: LCD con controlli touch<\/p>\n<p>Colore: Bianco<\/p>\n<p>Programmi: 14 per cotone, sintetici, delicati, lana, oltre a programmi speciali come Rapido 20 Min, Ammollo, Centrifuga\/Scarico, Jeans, Sport, Seta, Piumoni, Outdoor, Hygiene ed Eco 40-60.<\/p>\n<p>Tecnologia SensiCare: Regola automaticamente tempo, acqua ed energia in base alle dimensioni del carico per garantire un lavaggio perfetto senza sprechi.<\/p>\n<p>Programma Rapido 20 Minuti: Lavaggio rapido per carichi piccoli o leggermente sporchi, ideale per quando hai poco tempo.<\/p>\n<p>Larghezza: 59,6 cm<\/p>\n<p>Altezza: 84,7 cm<\/p>\n<p>Profondit\u00e0: 63,6 cm<\/p>\n","protected":false},"excerpt":{"rendered":"<p data-start=\"1367\" data-end=\"1387\">La <strong data-start=\"1391\" data-end=\"1415\">Electrolux EW6FBG19G<\/strong> \u00e8 una lavatrice a carica frontale con una capacit\u00e0 di 9 kg, perfetta per famiglie numerose o per chi ha bisogno di lavare grandi quantit\u00e0 di biancheria. La <strong data-start=\"1572\" data-end=\"1596\">tecnologia SensiCare<\/strong> ottimizza i cicli in base al carico, risparmiando tempo e energia, mentre il <strong data-start=\"1674\" data-end=\"1704\">programma Rapido 20 Minuti<\/strong> permette di lavare piccoli carichi in breve tempo. Con 14 programmi specifici e opzioni aggiuntive per personalizzare il ciclo, questa lavatrice assicura una cura delicata dei capi e un&#8217;alta efficienza energetica.<\/p>\n","protected":false},"featured_media":13347,"comment_status":"open","ping_status":"closed","template":"","meta":[],"product_brand":[],"product_cat":[126,124,125],"product_tag":[1116,283,270,285,328,248,1115,697,287,1114],"class_list":{"0":"post-13346","1":"product","2":"type-product","3":"status-publish","4":"has-post-thumbnail","6":"product_cat-carico-frontale","7":"product_cat-grandi-elettrodomestici","8":"product_cat-lavatrici","9":"product_tag-1351-giri-min","10":"product_tag-9-kg","11":"product_tag-carica-frontale","12":"product_tag-classe-a","13":"product_tag-efficienza-energetica","14":"product_tag-electrolux","15":"product_tag-ew6fbg19g","16":"product_tag-lavaggio-rapido","17":"product_tag-sensicare","18":"product_tag-tag-lavatrice","19":"product_shipping_class-grandi-elettrodomestici","21":"first","22":"outofstock","23":"sale","24":"shipping-taxable","25":"purchasable","26":"product-type-simple"},"_links":{"self":[{"href":"https:\/\/capaldoelettrodomestici.it\/index.php\/wp-json\/wp\/v2\/product\/13346","targetHints":{"allow":["GET"]}}],"collection":[{"href":"https:\/\/capaldoelettrodomestici.it\/index.php\/wp-json\/wp\/v2\/product"}],"about":[{"href":"https:\/\/capaldoelettrodomestici.it\/index.php\/wp-json\/wp\/v2\/types\/product"}],"replies":[{"embeddable":true,"href":"https:\/\/capaldoelettrodomestici.it\/index.php\/wp-json\/wp\/v2\/comments?post=13346"}],"version-history":[{"count":8,"href":"https:\/\/capaldoelettrodomestici.it\/index.php\/wp-json\/wp\/v2\/product\/13346\/revisions"}],"predecessor-version":[{"id":15250,"href":"https:\/\/capaldoelettrodomestici.it\/index.php\/wp-json\/wp\/v2\/product\/13346\/revisions\/15250"}],"wp:featuredmedia":[{"embeddable":true,"href":"https:\/\/capaldoelettrodomestici.it\/index.php\/wp-json\/wp\/v2\/media\/13347"}],"wp:attachment":[{"href":"https:\/\/capaldoelettrodomestici.it\/index.php\/wp-json\/wp\/v2\/media?parent=13346"}],"wp:term":[{"taxonomy":"product_brand","embeddable":true,"href":"https:\/\/capaldoelettrodomestici.it\/index.php\/wp-json\/wp\/v2\/product_brand?post=13346"},{"taxonomy":"product_cat","embeddable":true,"href":"https:\/\/capaldoelettrodomestici.it\/index.php\/wp-json\/wp\/v2\/product_cat?post=13346"},{"taxonomy":"product_tag","embeddable":true,"href":"https:\/\/capaldoelettrodomestici.it\/index.php\/wp-json\/wp\/v2\/product_tag?post=13346"}],"curies":[{"name":"wp","href":"https:\/\/api.w.org\/{rel}","templated":true}]}}