{"id":13252,"date":"2025-03-12T11:45:36","date_gmt":"2025-03-12T11:45:36","guid":{"rendered":"https:\/\/capaldoelettrodomestici.it\/?post_type=product&#038;p=13252"},"modified":"2025-10-29T17:08:07","modified_gmt":"2025-10-29T17:08:07","slug":"candy-cso6106twmb6-1-s-lavatrice-10-kg-classe-a-1600-giri-wi-fi","status":"publish","type":"product","link":"https:\/\/capaldoelettrodomestici.it\/index.php\/prodotto\/candy-cso6106twmb6-1-s-lavatrice-10-kg-classe-a-1600-giri-wi-fi\/","title":{"rendered":"Lavatrice CANDY 10 kg CSO6106TWMB6\/1-S \u2013 1600 Giri\/min, Wi-Fi, Classe A"},"content":{"rendered":"<p>Modello: Candy CSO6106TWMB6\/1-S<\/p>\n<p>Codice EAN: 8059019082646<\/p>\n<p>Carica: frontale<\/p>\n<p>Classe di efficienza energetica: A<\/p>\n<p>Capacit\u00e0 di carico: 10 kg<\/p>\n<p>Velocit\u00e0 di centrifuga massima: 1600 giri\/minuto<\/p>\n<p>Motore: Speed-Drive Inverter<\/p>\n<p>Programmi di lavaggio: 16<\/p>\n<p>Quick&amp;Clean: crea una miscela concentrata di acqua e detersivo e la spruzza direttamente sui capi, potenziando l&#8217;azione di rimozione delle macchie, anche con grandi carichi di lavaggio.<\/p>\n<p class=\"triplet-content__title\">App hOn: offre pi\u00f9 di 60 cicli disponibili, consente di scegliere la soluzione ideale per ogni tipo di esigenza. L&#8217;app fornisce consigli personalizzati sul dosaggio del detersivo, cura dei colori e dei tessuti, gestione delle macchie ostinate e la manutenzione generale. Inoltre, permette di monitorare l&#8217;efficienza di ciascun programma di lavaggio, aiutando a scegliere le opzioni pi\u00f9 performanti. Una funzione importante \u00e8 anche la possibilit\u00e0 di controllare lo stato di manutenzione dell&#8217;apparecchio, prevenendo eventuali malfunzionamenti e prolungandone la durata<\/p>\n<p class=\"triplet-content__title\">Snap&amp;Wash: si pu\u00f2 scoprire qual \u00e8 il programma pi\u00f9 adatto alla quantit\u00e0 e al colore del tuo bucato, semplicemente scattando una foto ai capi<\/p>\n<p>Larghezza: 60 cm<\/p>\n<p>Altezza: 85 cm<\/p>\n<p>Profondit\u00e0: 58 cm<\/p>\n","protected":false},"excerpt":{"rendered":"<h3 data-start=\"1460\" data-end=\"1482\"><strong data-start=\"1464\" data-end=\"1480\">Descrizione:<\/strong><\/h3>\n<p data-start=\"1483\" data-end=\"1973\">La <strong data-start=\"1486\" data-end=\"1512\">Candy CSO6106TWMB6\/1-S<\/strong> \u00e8 una lavatrice <strong data-start=\"1529\" data-end=\"1541\">da 10 kg<\/strong> con <strong data-start=\"1546\" data-end=\"1569\">classe energetica A<\/strong>, \u00e8 ideale per grandi carichi e consumi ridotti; \u00e8 in grado di lavare a pieno carico in soli 39 minuti grazie all&#8217;innovativo motore Speed-Drive Inverter e al sistema Quick&amp;Clean. Dotata di <strong data-start=\"1626\" data-end=\"1644\">funzione Steam<\/strong>, permette di igienizzare e rinfrescare i capi grazie al vapore. La <strong data-start=\"1712\" data-end=\"1746\">connettivit\u00e0 Wi-Fi + Bluetooth<\/strong> consente di controllarla a distanza con l\u2019app <strong data-start=\"1793\" data-end=\"1800\">hOn <\/strong>e grazie alla\u00a0velocit\u00e0 di centrifuga fino a <strong data-start=\"1906\" data-end=\"1923\">1600 giri\/min<\/strong>, garantisce un\u2019asciugatura pi\u00f9 rapida dei capi.<\/p>\n","protected":false},"featured_media":13254,"comment_status":"open","ping_status":"closed","template":"","meta":[],"product_brand":[],"product_cat":[126,124,125],"product_tag":[788,1065,285,1067,697,1063,1059,1064,1066,620,797],"class_list":{"0":"post-13252","1":"product","2":"type-product","3":"status-publish","4":"has-post-thumbnail","6":"product_cat-carico-frontale","7":"product_cat-grandi-elettrodomestici","8":"product_cat-lavatrici","9":"product_tag-10-kg","10":"product_tag-1600-giri","11":"product_tag-classe-a","12":"product_tag-funzione-steam","13":"product_tag-lavaggio-rapido","14":"product_tag-lavatrice-a-carica-frontale","15":"product_tag-lavatrice-a-vapore","16":"product_tag-lavatrice-candy","17":"product_tag-lavatrice-con-wi-fi","18":"product_tag-lavatrice-silenziosa","19":"product_tag-motore-inverter","20":"product_shipping_class-grandi-elettrodomestici","22":"first","23":"outofstock","24":"sale","25":"shipping-taxable","26":"purchasable","27":"product-type-simple"},"_links":{"self":[{"href":"https:\/\/capaldoelettrodomestici.it\/index.php\/wp-json\/wp\/v2\/product\/13252","targetHints":{"allow":["GET"]}}],"collection":[{"href":"https:\/\/capaldoelettrodomestici.it\/index.php\/wp-json\/wp\/v2\/product"}],"about":[{"href":"https:\/\/capaldoelettrodomestici.it\/index.php\/wp-json\/wp\/v2\/types\/product"}],"replies":[{"embeddable":true,"href":"https:\/\/capaldoelettrodomestici.it\/index.php\/wp-json\/wp\/v2\/comments?post=13252"}],"version-history":[{"count":5,"href":"https:\/\/capaldoelettrodomestici.it\/index.php\/wp-json\/wp\/v2\/product\/13252\/revisions"}],"predecessor-version":[{"id":14899,"href":"https:\/\/capaldoelettrodomestici.it\/index.php\/wp-json\/wp\/v2\/product\/13252\/revisions\/14899"}],"wp:featuredmedia":[{"embeddable":true,"href":"https:\/\/capaldoelettrodomestici.it\/index.php\/wp-json\/wp\/v2\/media\/13254"}],"wp:attachment":[{"href":"https:\/\/capaldoelettrodomestici.it\/index.php\/wp-json\/wp\/v2\/media?parent=13252"}],"wp:term":[{"taxonomy":"product_brand","embeddable":true,"href":"https:\/\/capaldoelettrodomestici.it\/index.php\/wp-json\/wp\/v2\/product_brand?post=13252"},{"taxonomy":"product_cat","embeddable":true,"href":"https:\/\/capaldoelettrodomestici.it\/index.php\/wp-json\/wp\/v2\/product_cat?post=13252"},{"taxonomy":"product_tag","embeddable":true,"href":"https:\/\/capaldoelettrodomestici.it\/index.php\/wp-json\/wp\/v2\/product_tag?post=13252"}],"curies":[{"name":"wp","href":"https:\/\/api.w.org\/{rel}","templated":true}]}}