{"id":12735,"date":"2025-02-28T08:42:34","date_gmt":"2025-02-28T08:42:34","guid":{"rendered":"https:\/\/capaldoelettrodomestici.it\/?post_type=product&#038;p=12735"},"modified":"2025-10-29T17:35:00","modified_gmt":"2025-10-29T17:35:00","slug":"sangiorgio-f1012p-lavatrice-a-carico-frontale-10kg-1200-giri-minuto-classe-d","status":"publish","type":"product","link":"https:\/\/capaldoelettrodomestici.it\/index.php\/prodotto\/sangiorgio-f1012p-lavatrice-a-carico-frontale-10kg-1200-giri-minuto-classe-d\/","title":{"rendered":"Lavatrice SAN GIORGIO F1012P \u2013 10 kg, 1200 Giri\/min, Classe D"},"content":{"rendered":"<p>Modello: SAN GIORGIO F1012P<\/p>\n<p>EAN: 8033675155548<\/p>\n<p>Capacit\u00e0 di carico: 10 kg<\/p>\n<p>Velocit\u00e0 di centrifuga: 1200 giri\/minuto<\/p>\n<p>Classe energetica: D<\/p>\n<p>Colore: Bianco<\/p>\n<p>Obl\u00f2: grande per un carico pi\u00f9 comodo<\/p>\n<p>Programmi di lavaggio: 15 per diverse tipologie di tessuti (Biancheria da letto, Camicia\/Maglietta, Cotone, Delicati\/Seta, Eco, Igiene\/Allergy Care, Intenso, Jeans\/Denim, Quick 30\u00b0C,Risciacquo, A tamburo, Sport, Sintetico, Lana)<\/p>\n<p>Sicurezza bambini<\/p>\n<p>Controllo antischiuma e antitrabocco<\/p>\n<p>Regolazione livello sporco e centrifuga<\/p>\n<p>Larghezza: 60 cm<\/p>\n<p>Altezza: 84 cm<\/p>\n<p>Profondit\u00e0: 60 cm<\/p>\n","protected":false},"excerpt":{"rendered":"<h3 data-start=\"99\" data-end=\"126\"><strong data-start=\"103\" data-end=\"124\">Descrizione breve<\/strong><\/h3>\n<p data-start=\"127\" data-end=\"552\">La <strong data-start=\"130\" data-end=\"161\">Lavatrice SanGiorgio F1012P<\/strong> \u00e8 un modello a carica frontale con una capacit\u00e0 di 10 kg e una velocit\u00e0 di centrifuga di 1200 giri\/minuto. Grazie ai suoi 15 programmi di lavaggio, offre versatilit\u00e0 per ogni esigenza, mentre la classe energetica <strong data-start=\"375\" data-end=\"380\">D<\/strong> assicura consumi equilibrati. Il design moderno e le funzioni aggiuntive come la partenza ritardata e la sicurezza bambini la rendono una scelta pratica per le famiglie.<\/p>\n","protected":false},"featured_media":12736,"comment_status":"open","ping_status":"closed","template":"","meta":[],"product_brand":[],"product_cat":[126,124,125],"product_tag":[788,789,790,648,227,791,787,699],"class_list":{"0":"post-12735","1":"product","2":"type-product","3":"status-publish","4":"has-post-thumbnail","6":"product_cat-carico-frontale","7":"product_cat-grandi-elettrodomestici","8":"product_cat-lavatrici","9":"product_tag-10-kg","10":"product_tag-1200-giri-minuto","11":"product_tag-caricamento-frontale","12":"product_tag-classe-energetica-d","13":"product_tag-lavatrice","14":"product_tag-programmi-di-lavaggio","15":"product_tag-san-giorgio-f1012p","16":"product_tag-sicurezza-bambini","17":"product_shipping_class-grandi-elettrodomestici","19":"first","20":"outofstock","21":"sale","22":"shipping-taxable","23":"purchasable","24":"product-type-simple"},"_links":{"self":[{"href":"https:\/\/capaldoelettrodomestici.it\/index.php\/wp-json\/wp\/v2\/product\/12735","targetHints":{"allow":["GET"]}}],"collection":[{"href":"https:\/\/capaldoelettrodomestici.it\/index.php\/wp-json\/wp\/v2\/product"}],"about":[{"href":"https:\/\/capaldoelettrodomestici.it\/index.php\/wp-json\/wp\/v2\/types\/product"}],"replies":[{"embeddable":true,"href":"https:\/\/capaldoelettrodomestici.it\/index.php\/wp-json\/wp\/v2\/comments?post=12735"}],"version-history":[{"count":6,"href":"https:\/\/capaldoelettrodomestici.it\/index.php\/wp-json\/wp\/v2\/product\/12735\/revisions"}],"predecessor-version":[{"id":15079,"href":"https:\/\/capaldoelettrodomestici.it\/index.php\/wp-json\/wp\/v2\/product\/12735\/revisions\/15079"}],"wp:featuredmedia":[{"embeddable":true,"href":"https:\/\/capaldoelettrodomestici.it\/index.php\/wp-json\/wp\/v2\/media\/12736"}],"wp:attachment":[{"href":"https:\/\/capaldoelettrodomestici.it\/index.php\/wp-json\/wp\/v2\/media?parent=12735"}],"wp:term":[{"taxonomy":"product_brand","embeddable":true,"href":"https:\/\/capaldoelettrodomestici.it\/index.php\/wp-json\/wp\/v2\/product_brand?post=12735"},{"taxonomy":"product_cat","embeddable":true,"href":"https:\/\/capaldoelettrodomestici.it\/index.php\/wp-json\/wp\/v2\/product_cat?post=12735"},{"taxonomy":"product_tag","embeddable":true,"href":"https:\/\/capaldoelettrodomestici.it\/index.php\/wp-json\/wp\/v2\/product_tag?post=12735"}],"curies":[{"name":"wp","href":"https:\/\/api.w.org\/{rel}","templated":true}]}}