{"id":12146,"date":"2024-12-12T16:01:56","date_gmt":"2024-12-12T16:01:56","guid":{"rendered":"https:\/\/capaldoelettrodomestici.it\/?post_type=product&#038;p=12146"},"modified":"2025-11-01T10:59:35","modified_gmt":"2025-11-01T10:59:35","slug":"candy-microonde-lt-20-moderna-cmga20tndb","status":"publish","type":"product","link":"https:\/\/capaldoelettrodomestici.it\/index.php\/prodotto\/candy-microonde-lt-20-moderna-cmga20tndb\/","title":{"rendered":"Microonde CANDY CMGA23TNDB \u2013 23 L, Moderna, Classe E"},"content":{"rendered":"<p data-start=\"499\" data-end=\"518\"><strong data-start=\"499\" data-end=\"516\">Dati Tecnici:<\/strong><\/p>\n<ul data-start=\"519\" data-end=\"964\">\n<li data-start=\"519\" data-end=\"570\"><strong data-start=\"521\" data-end=\"546\">Tipo di installazione<\/strong>: Libera installazione<\/li>\n<li data-start=\"571\" data-end=\"609\"><strong data-start=\"573\" data-end=\"586\">Tipologia<\/strong>: Microonde con grill<\/li>\n<li data-start=\"610\" data-end=\"636\"><strong data-start=\"612\" data-end=\"624\">Capacit\u00e0<\/strong>: 23 litri<\/li>\n<li data-start=\"637\" data-end=\"669\"><strong data-start=\"639\" data-end=\"660\">Potenza microonde<\/strong>: 700 W<\/li>\n<li data-start=\"670\" data-end=\"699\"><strong data-start=\"672\" data-end=\"689\">Potenza grill<\/strong>: 900 W<\/li>\n<li data-start=\"700\" data-end=\"729\"><strong data-start=\"702\" data-end=\"724\">Livelli di potenza<\/strong>: 6<\/li>\n<li data-start=\"730\" data-end=\"776\"><strong data-start=\"732\" data-end=\"753\">Tipo di controllo<\/strong>: Pulsanti e manopola<\/li>\n<li data-start=\"777\" data-end=\"805\"><strong data-start=\"779\" data-end=\"799\">Display digitale<\/strong>: S\u00ec<\/li>\n<li data-start=\"806\" data-end=\"851\"><strong data-start=\"808\" data-end=\"827\">Piatto girevole<\/strong>: S\u00ec, diametro 24,5 cm<\/li>\n<li data-start=\"852\" data-end=\"885\"><strong data-start=\"854\" data-end=\"875\">Materiale interno<\/strong>: Smalto<\/li>\n<li data-start=\"886\" data-end=\"943\"><strong data-start=\"888\" data-end=\"906\">Apertura porta<\/strong>: Laterale, con cerniera a sinistra<\/li>\n<li data-start=\"944\" data-end=\"964\"><strong data-start=\"946\" data-end=\"956\">Colore<\/strong>: Nero<\/li>\n<\/ul>\n<p data-start=\"966\" data-end=\"999\"><strong data-start=\"966\" data-end=\"997\">Funzioni e Caratteristiche:<\/strong><\/p>\n<ul data-start=\"1000\" data-end=\"1324\">\n<li data-start=\"1000\" data-end=\"1088\"><strong data-start=\"1002\" data-end=\"1020\">Funzione Grill<\/strong>: Permette di dorare e gratinare i cibi per un risultato croccante<\/li>\n<li data-start=\"1089\" data-end=\"1178\"><strong data-start=\"1091\" data-end=\"1112\">Programma Defrost<\/strong>: Scongelamento rapido e uniforme in base al peso degli alimenti<\/li>\n<li data-start=\"1179\" data-end=\"1244\"><strong data-start=\"1181\" data-end=\"1203\">Funzione Autoclean<\/strong>: Facilita la pulizia interna del forno<\/li>\n<li data-start=\"1245\" data-end=\"1324\"><strong data-start=\"1247\" data-end=\"1269\">Connettivit\u00e0 smart<\/strong>: Compatibile con l\u2019app hOn per un controllo avanzato<\/li>\n<\/ul>\n<p data-start=\"1326\" data-end=\"1350\"><strong data-start=\"1326\" data-end=\"1348\">Dimensioni e Peso:<\/strong><\/p>\n<ul data-start=\"1351\" data-end=\"1452\">\n<li data-start=\"1351\" data-end=\"1377\"><strong data-start=\"1353\" data-end=\"1366\">Larghezza<\/strong>: 45,2 cm<\/li>\n<li data-start=\"1378\" data-end=\"1402\"><strong data-start=\"1380\" data-end=\"1391\">Altezza<\/strong>: 26,2 cm<\/li>\n<li data-start=\"1403\" data-end=\"1430\"><strong data-start=\"1405\" data-end=\"1419\">Profondit\u00e0<\/strong>: 35,7 cm<\/li>\n<li data-start=\"1431\" data-end=\"1452\"><strong data-start=\"1433\" data-end=\"1441\">Peso<\/strong>: 11,3 kg<\/li>\n<\/ul>\n<p data-start=\"1454\" data-end=\"1650\" data-is-last-node=\"\" data-is-only-node=\"\">\n","protected":false},"excerpt":{"rendered":"<p><strong data-start=\"39\" data-end=\"55\">Descrizione:<\/strong><br data-start=\"55\" data-end=\"58\" \/>Il Candy CMGA23TNDB \u00e8 un forno a microonde con grill, progettato per garantire versatilit\u00e0 e prestazioni elevate. Con una capacit\u00e0 di 23 litri e una potenza di 900 W, permette di riscaldare, cuocere e scongelare rapidamente diversi tipi di alimenti. La funzione grill da 1000 W consente di gratinare e dorare i piatti per un risultato croccante. Il design moderno con finitura nera lo rende elegante e adatto a qualsiasi ambiente cucina.<\/p>\n","protected":false},"featured_media":12987,"comment_status":"open","ping_status":"closed","template":"","meta":[],"product_brand":[],"product_cat":[156,158,153],"product_tag":[245,822,366,814,823,815,812,813,821,816],"class_list":{"0":"post-12146","1":"product","2":"type-product","3":"status-publish","4":"has-post-thumbnail","6":"product_cat-fornetti-e-microonde","7":"product_cat-microonde","8":"product_cat-piccoli-elettrodomestici","9":"product_tag-candy","10":"product_tag-controllo-smart","11":"product_tag-elettrodomestico-da-cucina","12":"product_tag-forno-a-microonde","13":"product_tag-funzione-autoclean","14":"product_tag-funzione-grill","15":"product_tag-microonde-20-litri","16":"product_tag-microonde-con-grill","17":"product_tag-microonde-nero","18":"product_tag-scongelamento-rapido","19":"product_shipping_class-piccoli-elettrodomestici","21":"first","22":"instock","23":"sale","24":"shipping-taxable","25":"purchasable","26":"product-type-simple"},"_links":{"self":[{"href":"https:\/\/capaldoelettrodomestici.it\/index.php\/wp-json\/wp\/v2\/product\/12146","targetHints":{"allow":["GET"]}}],"collection":[{"href":"https:\/\/capaldoelettrodomestici.it\/index.php\/wp-json\/wp\/v2\/product"}],"about":[{"href":"https:\/\/capaldoelettrodomestici.it\/index.php\/wp-json\/wp\/v2\/types\/product"}],"replies":[{"embeddable":true,"href":"https:\/\/capaldoelettrodomestici.it\/index.php\/wp-json\/wp\/v2\/comments?post=12146"}],"version-history":[{"count":7,"href":"https:\/\/capaldoelettrodomestici.it\/index.php\/wp-json\/wp\/v2\/product\/12146\/revisions"}],"predecessor-version":[{"id":13833,"href":"https:\/\/capaldoelettrodomestici.it\/index.php\/wp-json\/wp\/v2\/product\/12146\/revisions\/13833"}],"wp:featuredmedia":[{"embeddable":true,"href":"https:\/\/capaldoelettrodomestici.it\/index.php\/wp-json\/wp\/v2\/media\/12987"}],"wp:attachment":[{"href":"https:\/\/capaldoelettrodomestici.it\/index.php\/wp-json\/wp\/v2\/media?parent=12146"}],"wp:term":[{"taxonomy":"product_brand","embeddable":true,"href":"https:\/\/capaldoelettrodomestici.it\/index.php\/wp-json\/wp\/v2\/product_brand?post=12146"},{"taxonomy":"product_cat","embeddable":true,"href":"https:\/\/capaldoelettrodomestici.it\/index.php\/wp-json\/wp\/v2\/product_cat?post=12146"},{"taxonomy":"product_tag","embeddable":true,"href":"https:\/\/capaldoelettrodomestici.it\/index.php\/wp-json\/wp\/v2\/product_tag?post=12146"}],"curies":[{"name":"wp","href":"https:\/\/api.w.org\/{rel}","templated":true}]}}