{"id":12084,"date":"2024-11-26T18:13:36","date_gmt":"2024-11-26T18:13:36","guid":{"rendered":"https:\/\/capaldoelettrodomestici.it\/?post_type=product&#038;p=12084"},"modified":"2025-08-13T10:52:36","modified_gmt":"2025-08-13T10:52:36","slug":"pyramidea-lavatrice-kg-6-lvb610slim","status":"publish","type":"product","link":"https:\/\/capaldoelettrodomestici.it\/index.php\/prodotto\/pyramidea-lavatrice-kg-6-lvb610slim\/","title":{"rendered":"Lavatrice PYRAMIDEA LVB610SLIM \u2013 6 kg, Slim"},"content":{"rendered":"<p>Modello: LVB610SLIM<\/p>\n<p>Codice EAN: 8054890194716<\/p>\n<p>Capacit\u00e0 di carico: 6 kg<\/p>\n<p>Profondit\u00e0: 44 cm<\/p>\n<p>Velocit\u00e0 di centrifuga: 1000 giri\/min<\/p>\n<p>Classe energetica: E<\/p>\n<p>Programmi di lavaggio: 16 programmi disponibili<\/p>\n<p>Piedini regolabili: S\u00ec, per una maggiore stabilit\u00e0<\/p>\n<p>Larghezza: 60 cm<\/p>\n<p>Altezza: 85 cm<\/p>\n<p>Profondit\u00e0: 44 cm<\/p>\n","protected":false},"excerpt":{"rendered":"<p>La <strong data-start=\"3\" data-end=\"27\">Pyramidea LVB610SLIM<\/strong> \u00e8 una lavatrice a carica frontale con una capacit\u00e0 di <strong data-start=\"82\" data-end=\"90\">6 kg<\/strong>, progettata per offrire prestazioni affidabili in un design compatto. Con una profondit\u00e0 di soli <strong data-start=\"188\" data-end=\"197\">44 cm<\/strong>, \u00e8 ideale per ambienti con spazio limitato. Questa lavatrice \u00e8 dotata di 16 programmi di lavaggio, permettendo di scegliere il ciclo pi\u00f9 adatto per ogni tipo di tessuto. Il diametro della porta \u00e8 di <strong data-start=\"573\" data-end=\"582\">45 cm<\/strong>, facilitando l&#8217;inserimento e l&#8217;estrazione del bucato, la lavatrice \u00e8 dotata di piedini regolabili per una stabilit\u00e0 ottimale durante il funzionamento.<\/p>\n","protected":false},"featured_media":12085,"comment_status":"open","ping_status":"closed","template":"","meta":[],"product_brand":[],"product_cat":[124,125,128],"product_tag":[229,231,230,252],"class_list":{"0":"post-12084","1":"product","2":"type-product","3":"status-publish","4":"has-post-thumbnail","6":"product_cat-grandi-elettrodomestici","7":"product_cat-lavatrici","8":"product_cat-slim","9":"product_tag-carico-frontale","10":"product_tag-grandi-elettrodomestici","11":"product_tag-lavatrici","12":"product_tag-pyramidea","13":"product_shipping_class-grandi-elettrodomestici","15":"first","16":"outofstock","17":"sale","18":"shipping-taxable","19":"purchasable","20":"product-type-simple"},"_links":{"self":[{"href":"https:\/\/capaldoelettrodomestici.it\/index.php\/wp-json\/wp\/v2\/product\/12084","targetHints":{"allow":["GET"]}}],"collection":[{"href":"https:\/\/capaldoelettrodomestici.it\/index.php\/wp-json\/wp\/v2\/product"}],"about":[{"href":"https:\/\/capaldoelettrodomestici.it\/index.php\/wp-json\/wp\/v2\/types\/product"}],"replies":[{"embeddable":true,"href":"https:\/\/capaldoelettrodomestici.it\/index.php\/wp-json\/wp\/v2\/comments?post=12084"}],"version-history":[{"count":6,"href":"https:\/\/capaldoelettrodomestici.it\/index.php\/wp-json\/wp\/v2\/product\/12084\/revisions"}],"predecessor-version":[{"id":14909,"href":"https:\/\/capaldoelettrodomestici.it\/index.php\/wp-json\/wp\/v2\/product\/12084\/revisions\/14909"}],"wp:featuredmedia":[{"embeddable":true,"href":"https:\/\/capaldoelettrodomestici.it\/index.php\/wp-json\/wp\/v2\/media\/12085"}],"wp:attachment":[{"href":"https:\/\/capaldoelettrodomestici.it\/index.php\/wp-json\/wp\/v2\/media?parent=12084"}],"wp:term":[{"taxonomy":"product_brand","embeddable":true,"href":"https:\/\/capaldoelettrodomestici.it\/index.php\/wp-json\/wp\/v2\/product_brand?post=12084"},{"taxonomy":"product_cat","embeddable":true,"href":"https:\/\/capaldoelettrodomestici.it\/index.php\/wp-json\/wp\/v2\/product_cat?post=12084"},{"taxonomy":"product_tag","embeddable":true,"href":"https:\/\/capaldoelettrodomestici.it\/index.php\/wp-json\/wp\/v2\/product_tag?post=12084"}],"curies":[{"name":"wp","href":"https:\/\/api.w.org\/{rel}","templated":true}]}}