{"id":10771,"date":"2024-10-07T10:12:17","date_gmt":"2024-10-07T10:12:17","guid":{"rendered":"https:\/\/capaldoelettrodomestici.it\/?post_type=product&#038;p=10771"},"modified":"2025-03-24T10:39:45","modified_gmt":"2025-03-24T10:39:45","slug":"faber-inka-smart-c-33-lg-a52-cappa-aspirante-52-cm-sottopensile-da-cucina-ad-incasso-aspirante-esterna-o-in-ricircolo-filtro-cappe-faber-f23-kit-c-a-carboni-attivi-classe-di-efficienza-energetica","status":"publish","type":"product","link":"https:\/\/capaldoelettrodomestici.it\/index.php\/prodotto\/faber-inka-smart-c-33-lg-a52-cappa-aspirante-52-cm-sottopensile-da-cucina-ad-incasso-aspirante-esterna-o-in-ricircolo-filtro-cappe-faber-f23-kit-c-a-carboni-attivi-classe-di-efficienza-energetica\/","title":{"rendered":"Cappa Aspirante Faber INKA SMART C\/33 LG A52 \u2013 52 cm, Sottopensile da Cucina, Aspirante Esterna o in Ricircolo, Filtro Cappe Faber F23 KIT C.A., Classe di Efficienza Energetica D"},"content":{"rendered":"<ul class=\"a-unordered-list a-vertical a-spacing-mini\">\n<li class=\"a-spacing-small\"><span class=\"a-list-item\">DESIGN E PRESTAZIONI: Modello di cappa sotto pensile Largezza 52 cm, pu\u00f2 essere integrata perfettamente nel pensile della cucina, adatta a cucine o ambienti di piccole e medie dimensioni, inoltre ha un livello di rumore massimo di soli 67 dB per aiutare a mantenere un ambiente pi\u00f9 tranquillo in cucina. \u00c8 dotata di illuminazione con Led a 3 W, che offre una visione chiara della tua zona di cottura<\/span><\/li>\n<li class=\"a-spacing-small\"><span class=\"a-list-item\">DOPPIA MODALIT\u00c0 DI INSTALLAZIONE: Pu\u00f2 essere installata in modalit\u00e0 ASPIRANTE, dove i vapori di cottura vengono espulsi all&#8217;esterno dell\u2019abitazione con un tubo di scarico (non incluso). Oppure in modalit\u00e0 FILTRANTE se non si ha la possibilit\u00e0 di far evacuare l\u2019aria all\u2019esterno dell\u2019abitazione. In questo secondo caso vanno usati i filtri a carbone attivo che servono a rigenerare l\u2019aria dagli odori di cottura per poi emetterla pulita e purificata nell\u2019ambiente circostante<\/span><\/li>\n<li class=\"a-spacing-small\"><span class=\"a-list-item\">FILTRO ANTI-GRASSO E A CARBONI ATTIVI: Tutte le cappe sono dotate del FILTRO ANTI-GRASSO in metallo che cattura il grasso dei vapori di cottura, mantenendo la cucina pulita e salubre, facile da smontare e lavare in lavastoviglie una volta al mese. \u00c8 possibile installare anche FILTRI A CARBONI ATTIVI (non inclusi) che servono a rigenerare l\u2019aria dagli odori di cottura, per poi emetterla pulita e purificata nell\u2019ambiente circostante. Vanno sostituiti ogni 3 mesi circa con filtri originali<\/span><\/li>\n<li class=\"a-spacing-small\"><span class=\"a-list-item\">EFFICIENZA ENERGETICA: La cappa \u00e8 in classe di efficienza energetica D con illuminazione a Led con un consumo energetico minimo. La potenza di aspirazione pu\u00f2 essere regolata su tre livelli tramite pratici comandi, fino ad arrivare ad una capacit\u00e0 di aspirazione di 300 m3\/h. Installare solo filtri originali per mantenere fedeli le prestazioni ed evitare incompatibilit\u00e0<\/span><\/li>\n<\/ul>\n","protected":false},"excerpt":{"rendered":"<p>DESIGN E PRESTAZIONI: Modello di cappa sotto pensile Largezza 52 cm, pu\u00f2 essere integrata perfettamente nel pensile della cucina, adatta<\/p>\n","protected":false},"featured_media":12808,"comment_status":"open","ping_status":"closed","template":"","meta":[],"product_brand":[],"product_cat":[150,140],"product_tag":[],"class_list":{"0":"post-10771","1":"product","2":"type-product","3":"status-publish","4":"has-post-thumbnail","6":"product_cat-cappe","7":"product_cat-elettrodomestici-da-incasso","8":"product_shipping_class-piani-cottura","10":"first","11":"outofstock","12":"shipping-taxable","13":"purchasable","14":"product-type-simple"},"_links":{"self":[{"href":"https:\/\/capaldoelettrodomestici.it\/index.php\/wp-json\/wp\/v2\/product\/10771","targetHints":{"allow":["GET"]}}],"collection":[{"href":"https:\/\/capaldoelettrodomestici.it\/index.php\/wp-json\/wp\/v2\/product"}],"about":[{"href":"https:\/\/capaldoelettrodomestici.it\/index.php\/wp-json\/wp\/v2\/types\/product"}],"replies":[{"embeddable":true,"href":"https:\/\/capaldoelettrodomestici.it\/index.php\/wp-json\/wp\/v2\/comments?post=10771"}],"version-history":[{"count":2,"href":"https:\/\/capaldoelettrodomestici.it\/index.php\/wp-json\/wp\/v2\/product\/10771\/revisions"}],"predecessor-version":[{"id":13723,"href":"https:\/\/capaldoelettrodomestici.it\/index.php\/wp-json\/wp\/v2\/product\/10771\/revisions\/13723"}],"wp:featuredmedia":[{"embeddable":true,"href":"https:\/\/capaldoelettrodomestici.it\/index.php\/wp-json\/wp\/v2\/media\/12808"}],"wp:attachment":[{"href":"https:\/\/capaldoelettrodomestici.it\/index.php\/wp-json\/wp\/v2\/media?parent=10771"}],"wp:term":[{"taxonomy":"product_brand","embeddable":true,"href":"https:\/\/capaldoelettrodomestici.it\/index.php\/wp-json\/wp\/v2\/product_brand?post=10771"},{"taxonomy":"product_cat","embeddable":true,"href":"https:\/\/capaldoelettrodomestici.it\/index.php\/wp-json\/wp\/v2\/product_cat?post=10771"},{"taxonomy":"product_tag","embeddable":true,"href":"https:\/\/capaldoelettrodomestici.it\/index.php\/wp-json\/wp\/v2\/product_tag?post=10771"}],"curies":[{"name":"wp","href":"https:\/\/api.w.org\/{rel}","templated":true}]}}